{"id":22620,"date":"2023-11-30T05:36:14","date_gmt":"2023-11-30T05:36:14","guid":{"rendered":"https:\/\/camimedicalsac.com\/catalogo\/?post_type=product&#038;p=22620"},"modified":"2023-11-30T05:36:16","modified_gmt":"2023-11-30T05:36:16","slug":"tensiometro-aneroide-brazalete-velcro-ped-1-tubo-gamma-g5-m-000-09-231-heine","status":"publish","type":"product","link":"https:\/\/camimedicalsac.com\/catalogo\/producto\/tensiometro-aneroide-brazalete-velcro-ped-1-tubo-gamma-g5-m-000-09-231-heine\/","title":{"rendered":"Tensiometro aneroide brazalete velcro ped. 1 tubo GAMMA G5 M-000.09.231 Heine"},"content":{"rendered":"<p><strong>Caracter\u00edsticas:<\/strong><\/p>\n<p>Escala de dise\u00f1o grande de HEINE.\u00a0Di\u00e1metro 56 mm, se puede leer c\u00f3modamente.<br \/>\nAlta calidad de la aguja indicadora.\u00a0Exactamente calibrada, durable y resistente a los golpes.<br \/>\nGran pera insufladora para inflar el brazalete r\u00e1pidamente\u00a0(50 % m\u00e1s volume de la pera).<br \/>\nV\u00e1lvula giratoria de precisi\u00f3n para dosificaci\u00f3n fina; tope de goma en ambas direcciones de giro para evitar trabadas de la v\u00e1lvula.<br \/>\nCarcasa de pl\u00e1stico resistente con cubierta antideslizante para absorci\u00f3n de golpes.<br \/>\nBrazalete de 1 tubo de alta calidad con cierre de velcro lavable.<br \/>\nMateriales libres de l\u00e1tex.<br \/>\nEl nuevo tipo de sistema de medida.<br \/>\nMan\u00f3metro con seguridad de sobrepresi\u00f3n.<br \/>\nEl micro filtro protege la v\u00e1lvula y el sistema de medida.<br \/>\nCuchara de pl\u00e1stico para diestros y zurdos.<\/p>\n","protected":false},"excerpt":{"rendered":"<h2>Tensi\u00f3metro aneroide brazalete velcro ped. 1 tubo GAMMA G5 M-000.09.231 Heine<\/h2>\n<p>Marca: HEINE<br \/>\nProcedencia: ALEMANIA<br \/>\nModelo:\u00a0Gamma G5<br \/>\nGarant\u00eda: 18 meses<\/p>\n<p><strong>Descripci\u00f3n:<\/strong><br \/>\nEl modelo con V\u00e1lvula giratoria de precisi\u00f3n.\u00a0Carcasa de pl\u00e1stico resistente con cubierta antideslizante para absorci\u00f3n de golpes.<\/p>\n<p><strong>Descargar aqu\u00ed:<\/strong><\/p>\n<div class=\"producto_detalle_block1_box2_field\">\n<div class=\"producto_detalle_block1_box2_buy_title\"><\/div>\n<\/div>\n","protected":false},"featured_media":0,"comment_status":"closed","ping_status":"closed","template":"","meta":[],"product_cat":[174],"product_tag":[],"class_list":{"0":"post-22620","1":"product","2":"type-product","3":"status-publish","5":"product_cat-consultorios-externos","7":"first","8":"instock","9":"taxable","10":"shipping-taxable","11":"product-type-simple"},"_links":{"self":[{"href":"https:\/\/camimedicalsac.com\/catalogo\/wp-json\/wp\/v2\/product\/22620"}],"collection":[{"href":"https:\/\/camimedicalsac.com\/catalogo\/wp-json\/wp\/v2\/product"}],"about":[{"href":"https:\/\/camimedicalsac.com\/catalogo\/wp-json\/wp\/v2\/types\/product"}],"replies":[{"embeddable":true,"href":"https:\/\/camimedicalsac.com\/catalogo\/wp-json\/wp\/v2\/comments?post=22620"}],"wp:attachment":[{"href":"https:\/\/camimedicalsac.com\/catalogo\/wp-json\/wp\/v2\/media?parent=22620"}],"wp:term":[{"taxonomy":"product_cat","embeddable":true,"href":"https:\/\/camimedicalsac.com\/catalogo\/wp-json\/wp\/v2\/product_cat?post=22620"},{"taxonomy":"product_tag","embeddable":true,"href":"https:\/\/camimedicalsac.com\/catalogo\/wp-json\/wp\/v2\/product_tag?post=22620"}],"curies":[{"name":"wp","href":"https:\/\/api.w.org\/{rel}","templated":true}]}}