{"id":22632,"date":"2023-11-30T05:36:18","date_gmt":"2023-11-30T05:36:18","guid":{"rendered":"https:\/\/camimedicalsac.com\/catalogo\/?post_type=product&#038;p=22632"},"modified":"2023-11-30T05:36:20","modified_gmt":"2023-11-30T05:36:20","slug":"desfibrilador-monitor-color-avanzado-360j-paletas-reusables-con-marcapaso","status":"publish","type":"product","link":"https:\/\/camimedicalsac.com\/catalogo\/producto\/desfibrilador-monitor-color-avanzado-360j-paletas-reusables-con-marcapaso\/","title":{"rendered":"Desfibrilador monitor color avanzado 360J paletas reusables con marcapaso"},"content":{"rendered":"<p><strong>Caracter\u00edsticas :<\/strong><\/p>\n<p>Desfibrilador de modo Manual y modo AED (Desfibrilaci\u00f3n Externa Autom\u00e1tica)<br \/>\nCardioversi\u00f3n sincronizada<br \/>\nPort\u00e1til, con asa de transporte<br \/>\nSistema de administraci\u00f3n de datos que permite almacenar informaci\u00f3n como se\u00f1ales de medida ECG, eventos, Voz (Software Opcional)<br \/>\nAvisos de voz y texto que gu\u00eda al usuario en el protocolo de rescate en ESPA\u00d1OL<br \/>\nPaletas reusables externas adulto\/ pedi\u00e1tricas.<br \/>\nPara desfibrilaci\u00f3n semiautom\u00e1tica AED se usan parches desechables de tipo adulto o pedi\u00e1trico.<br \/>\nImpresora t\u00e9rmica incorporada<\/p>\n<p><strong>Datos t\u00e9cnicos:<\/strong><\/p>\n<p>Pantalla Tipo : TFT LCD a color de 7 pulgadas<br \/>\nPantalla LCD Color de 7 pulgadas<br \/>\nResoluci\u00f3n: 800 x 480 pixeles<br \/>\nPeso: 6.0 Kg. Aprox. (con las paletas externas)<br \/>\nDimensiones: 326mm x 253mm x 358mm (ancho x largo x alto) &#8211; Con las paletas externas incluidas.<br \/>\nPol\u00edmetro de Litio de 14.8V, 3.1 Ah (Recargable)<br \/>\nCapacidad: 4 horas de monitoreo del paciente, monitoreo de ECG<\/p>\n","protected":false},"excerpt":{"rendered":"<h2>Desfibrilador monitor color avanzado 360J paletas reusables con marcapaso<\/h2>\n<p>Marca: CU.MEDICAL<br \/>\nProcedencia: COREA<br \/>\nModelo:\u00a0LIFE GAIN CU-HD1<br \/>\nGarant\u00eda : 18 meses<\/p>\n<p><strong>Descripci\u00f3n:<\/strong><br \/>\nEquipo m\u00e9dico utilizado para la desfibrilaci\u00f3n con onda bif\u00e1sica de pacientes con problemas cardiacos, para su uso hospitalario en unidades de emergencia, cuidados intensivos, cardiolog\u00eda, sala de operaciones, param\u00e9dicos, ambulancias.<\/p>\n<p><strong>Descargar aqu\u00ed:<\/strong><br \/>\n<a href=\"https:\/\/camimedicalsac.com\/catalogo\/wp-content\/uploads\/2022\/10\/Desfibrilador-monitor-color-avanzado-360J-paletas-reusables-con-marcapaso_ORIG.pdf\">Desfibrilador monitor multifuncional 360J_ORIG<\/a><\/p>\n<div class=\"producto_detalle_block1_box1_slider\">\n<div class=\"producto_detalle_block1_box1_slider_img\">\n<div class=\"slick-list draggable\">\n<div class=\"slick-track\"><\/div>\n<\/div>\n<\/div>\n<\/div>\n<div class=\"producto_detalle_block1_box2_field\">\n<div class=\"producto_detalle_block1_box2_buy_title\"><\/div>\n<\/div>\n","protected":false},"featured_media":0,"comment_status":"closed","ping_status":"closed","template":"","meta":[],"product_cat":[175],"product_tag":[],"class_list":{"0":"post-22632","1":"product","2":"type-product","3":"status-publish","5":"product_cat-cuidados-intensivos","7":"first","8":"instock","9":"taxable","10":"shipping-taxable","11":"product-type-simple"},"_links":{"self":[{"href":"https:\/\/camimedicalsac.com\/catalogo\/wp-json\/wp\/v2\/product\/22632"}],"collection":[{"href":"https:\/\/camimedicalsac.com\/catalogo\/wp-json\/wp\/v2\/product"}],"about":[{"href":"https:\/\/camimedicalsac.com\/catalogo\/wp-json\/wp\/v2\/types\/product"}],"replies":[{"embeddable":true,"href":"https:\/\/camimedicalsac.com\/catalogo\/wp-json\/wp\/v2\/comments?post=22632"}],"wp:attachment":[{"href":"https:\/\/camimedicalsac.com\/catalogo\/wp-json\/wp\/v2\/media?parent=22632"}],"wp:term":[{"taxonomy":"product_cat","embeddable":true,"href":"https:\/\/camimedicalsac.com\/catalogo\/wp-json\/wp\/v2\/product_cat?post=22632"},{"taxonomy":"product_tag","embeddable":true,"href":"https:\/\/camimedicalsac.com\/catalogo\/wp-json\/wp\/v2\/product_tag?post=22632"}],"curies":[{"name":"wp","href":"https:\/\/api.w.org\/{rel}","templated":true}]}}