{"id":22635,"date":"2023-11-30T05:36:18","date_gmt":"2023-11-30T05:36:18","guid":{"rendered":"https:\/\/camimedicalsac.com\/catalogo\/?post_type=product&#038;p=22635"},"modified":"2023-11-30T05:36:20","modified_gmt":"2023-11-30T05:36:20","slug":"desfibrilador-dea-semiautomatico-p-acceso-publico-c-paletas-y-bateria-desechable","status":"publish","type":"product","link":"https:\/\/camimedicalsac.com\/catalogo\/producto\/desfibrilador-dea-semiautomatico-p-acceso-publico-c-paletas-y-bateria-desechable\/","title":{"rendered":"Desfibrilador DEA semiautomatico p.acceso publico c\/paletas y bateria desechable"},"content":{"rendered":"<p style=\"font-weight: 400;\"><b><strong>Caracter\u00edsticas:<\/strong><\/b><\/p>\n<p>Equipo de operaci\u00f3n simple.<br \/>\nEquipo con dise\u00f1o especial para uso en general.<br \/>\nDesfibrilador de modo AED (Desfibrilaci\u00f3n Externa Autom\u00e1tica).<br \/>\nPort\u00e1til, con asa de transporte.<br \/>\nCon pantalla LCD donde se visualiza el estado de los parches, estado de la bater\u00eda y del equipo.<br \/>\nDetecci\u00f3n Autom\u00e1tica del procedimiento RCP, con Avisos de voz en espa\u00f1ol que gu\u00eda al usuario en el protocolo de rescate.<br \/>\nAjuste autom\u00e1tico del Volumen.<br \/>\nCon interruptor de selecci\u00f3n de paciente (adulto, pedi\u00e1trico) que permite regular la<br \/>\npotencia de descarga.<br \/>\nBot\u00f3n de informaci\u00f3n que permite configurar el modo de RCP y verificar si hay errores.<br \/>\nIndicadores de estado de la bater\u00eda y de los parches desechables.<br \/>\nGrabaci\u00f3n de m\u00faltiples eventos.<br \/>\nPara desfibrilaci\u00f3n semiautom\u00e1tica AED se usan parches desechables multifunci\u00f3n (Adulto, Pedi\u00e1trico).<\/p>\n<p><b><strong>Desfibrilador<\/strong><\/b><\/p>\n<p>Modo de funcionamiento: semi-autom\u00e1t<br \/>\nForma de onda: Exponencial Truncada (e\u00a0 \u0334 cubo bif\u00e1sica)<br \/>\nSalida de Energ\u00eda: Adulto: 150 julios<br \/>\nPedi\u00e1trico: 50 julios<br \/>\nTiempo de carga: menos de 10 segundos<br \/>\nProtocolo: mensajes de voz en espa\u00f1ol e indicadores visuales para realizar el protocolo de rescate<br \/>\nControles: Bot\u00f3n de descarga, Bot\u00f3n i (Informaci\u00f3n), Bot\u00f3n encendido \/ apagado<\/p>\n<p><b><strong>Aspecto F\u00edsico<br \/>\n<\/strong><\/b><\/p>\n<p>Peso: 2.4kg aprox.<br \/>\nDimensiones Aprox .: 260 mm x 256 mm x 69.5 mm (ancho x largo x alto)<br \/>\nAislamiento del paciente: Tipo BF<\/p>\n<p><b><strong>Bater\u00eda Interna<\/strong><\/b><\/p>\n<p style=\"font-weight: 400;\">12 VCC, 2.8 Ah LiMnO2, desechable<br \/>\nCapacidad: al menos 50 descargas o 04 horas de tiempo operacional<\/p>\n","protected":false},"excerpt":{"rendered":"<h2>Desfibrilador DEA semiautomatico p.acceso publico c\/paletas y bateria desechable<\/h2>\n<p>Marca: CU.MEDICAL<br \/>\nProcedencia: COREA<br \/>\nModelo:\u00a0IPAD CU-SP1<br \/>\nGarant\u00eda : 18 meses<\/p>\n<p><strong>Descripci\u00f3n:\u00a0 <\/strong><\/p>\n<p>Equipo m\u00e9dico utilizado para la desfibrilaci\u00f3n con onda bif\u00e1sica de pacientes con problemas card\u00edacos, para uso de acceso p\u00fablico<\/p>\n<p><strong>Descargar aqu\u00ed:<\/strong><br \/>\n<a href=\"https:\/\/camimedicalsac.com\/catalogo\/wp-content\/uploads\/2022\/10\/Desfibrilador-DEA-semiautomatico-p.acceso-publico-paletas-y-bateria-desechable_ORIG.pdf\">Desfibrilador semiautomatico p.acceso publico _ORIG<\/a><\/p>\n","protected":false},"featured_media":0,"comment_status":"closed","ping_status":"closed","template":"","meta":[],"product_cat":[175],"product_tag":[],"class_list":{"0":"post-22635","1":"product","2":"type-product","3":"status-publish","5":"product_cat-cuidados-intensivos","7":"first","8":"instock","9":"taxable","10":"shipping-taxable","11":"product-type-simple"},"_links":{"self":[{"href":"https:\/\/camimedicalsac.com\/catalogo\/wp-json\/wp\/v2\/product\/22635"}],"collection":[{"href":"https:\/\/camimedicalsac.com\/catalogo\/wp-json\/wp\/v2\/product"}],"about":[{"href":"https:\/\/camimedicalsac.com\/catalogo\/wp-json\/wp\/v2\/types\/product"}],"replies":[{"embeddable":true,"href":"https:\/\/camimedicalsac.com\/catalogo\/wp-json\/wp\/v2\/comments?post=22635"}],"wp:attachment":[{"href":"https:\/\/camimedicalsac.com\/catalogo\/wp-json\/wp\/v2\/media?parent=22635"}],"wp:term":[{"taxonomy":"product_cat","embeddable":true,"href":"https:\/\/camimedicalsac.com\/catalogo\/wp-json\/wp\/v2\/product_cat?post=22635"},{"taxonomy":"product_tag","embeddable":true,"href":"https:\/\/camimedicalsac.com\/catalogo\/wp-json\/wp\/v2\/product_tag?post=22635"}],"curies":[{"name":"wp","href":"https:\/\/api.w.org\/{rel}","templated":true}]}}