{"id":22645,"date":"2023-11-30T05:36:19","date_gmt":"2023-11-30T05:36:19","guid":{"rendered":"https:\/\/camimedicalsac.com\/catalogo\/?post_type=product&#038;p=22645"},"modified":"2023-12-18T14:48:51","modified_gmt":"2023-12-18T14:48:51","slug":"autoclave-horizontal-610-l-de-2-puertas-con-generador-vapor-tuttnauer-230v","status":"publish","type":"product","link":"https:\/\/camimedicalsac.com\/catalogo\/producto\/autoclave-horizontal-610-l-de-2-puertas-con-generador-vapor-tuttnauer-230v\/","title":{"rendered":"Autoclave horizontal 610 L de 2 puertas con generador vapor"},"content":{"rendered":"<h2>Autoclave horizontal 610 L de 2 puertas con generador vapor Tuttnauer 230V<\/h2>\n<p>Equipo m\u00e9dico para esterilizar mediante calor h\u00famedo material quir\u00fargico o medico usado en Centros de esterilizaci\u00f3n, Centros quir\u00fargicos (hospitales, cl\u00ednicas privadas)<\/p>\n<p><strong><u>DATOS TECNICOS:<\/u><\/strong><\/p>\n<p><strong>\u00a0\u00a0\u00a0\u00a0\u00a0 PROGRAMAS MINIMOS PRECONFIGURADOS<\/strong><\/p>\n<ul>\n<li>Programa 1: Ciclo r\u00e1pido, 121\u00b0C &#8211; para solidos no envueltos(latex, etc.)<\/li>\n<li>Programa 2: Ciclo r\u00e1pido, 134\u00b0C &#8211; para s\u00f3lidos no envueltos (instrumental, etc.)<\/li>\n<li>Programa 3: Con secado, 134\u00b0C \u2013 para materiales envueltos (instrumentos, carga porosa, etc.)<\/li>\n<li>Programa 4: Con secado, 121\u00b0C \u2013 para materiales envueltos (instrumentos, carga porosa, etc.)<\/li>\n<li>Programa de prueba: Bowie &amp; Dick, 134\u00baC.<\/li>\n<li>Programa de prueba de p\u00e9rdida de vaci\u00f3 seg\u00fan la norma <strong>EN13060<\/strong><\/li>\n<li>Diez programas de esterilizaci\u00f3n pre-establecido y 02 programas de prueba.<\/li>\n<\/ul>\n<p><strong>\u00a0\u00a0\u00a0\u00a0\u00a0 INDICADORES MINIMOS<\/strong><\/p>\n<ul>\n<li>Man\u00f3metro indicador de presi\u00f3n en la c\u00e1mara.<\/li>\n<li>Man\u00f3metro indicador de presi\u00f3n en la chaqueta.<\/li>\n<li>Monitoreo digital continuo de la temperatura y la presi\u00f3n durante todo el proceso de esterilizaci\u00f3n en la c\u00e1mara de trabajo.<\/li>\n<li>Monitoreo digital continuo del estado o fase del ciclo de esterilizaci\u00f3n.<\/li>\n<li>Alarma y\/o falla, visualizando el mensaje de error o componente como diagn\u00f3stico<\/li>\n<\/ul>\n<a class=\"maxbutton-1 maxbutton maxbutton-descargar-pdf\" title=\"Descargar PDF\" href=\"https:\/\/camimedicalsac.com\/catalogo\/wp-content\/uploads\/2023\/12\/AUTOCLAVE-HORIZONTAL-CON-GENERADOR-ELECTRICO-DE-VAPOR-TUTTNANUER-CODIGO-CM.75.308.pdf\"><span class='mb-text'>DESCARGAR PDF<\/span><\/a>\n<p>&nbsp;<\/p>\n","protected":false},"excerpt":{"rendered":"<h2>Autoclave horizontal 610 L de 2 puertas con generador vapor Tuttnauer 230V<\/h2>\n<p>Marca: TUTTNAUER<br \/>\nProcedencia: ISRAEL<br \/>\nModelo: 6671130 EP 2V<br \/>\nGarant\u00eda: 18 meses<\/p>\n<p>C\u00f3digo :\u00a0 CM.75.308<\/p>\n<div class=\"producto_detalle_block1_box2_country\">\n<div class=\"producto_detalle_block1_box2_description\">\n<p>&nbsp;<\/p>\n<\/div>\n<\/div>\n","protected":false},"featured_media":23408,"comment_status":"closed","ping_status":"closed","template":"","meta":[],"product_cat":[177],"product_tag":[],"class_list":{"0":"post-22645","1":"product","2":"type-product","3":"status-publish","4":"has-post-thumbnail","6":"product_cat-central-de-esterilizacion-y-tratamiento-de-residuos","8":"first","9":"instock","10":"taxable","11":"shipping-taxable","12":"product-type-simple"},"_links":{"self":[{"href":"https:\/\/camimedicalsac.com\/catalogo\/wp-json\/wp\/v2\/product\/22645"}],"collection":[{"href":"https:\/\/camimedicalsac.com\/catalogo\/wp-json\/wp\/v2\/product"}],"about":[{"href":"https:\/\/camimedicalsac.com\/catalogo\/wp-json\/wp\/v2\/types\/product"}],"replies":[{"embeddable":true,"href":"https:\/\/camimedicalsac.com\/catalogo\/wp-json\/wp\/v2\/comments?post=22645"}],"wp:featuredmedia":[{"embeddable":true,"href":"https:\/\/camimedicalsac.com\/catalogo\/wp-json\/wp\/v2\/media\/23408"}],"wp:attachment":[{"href":"https:\/\/camimedicalsac.com\/catalogo\/wp-json\/wp\/v2\/media?parent=22645"}],"wp:term":[{"taxonomy":"product_cat","embeddable":true,"href":"https:\/\/camimedicalsac.com\/catalogo\/wp-json\/wp\/v2\/product_cat?post=22645"},{"taxonomy":"product_tag","embeddable":true,"href":"https:\/\/camimedicalsac.com\/catalogo\/wp-json\/wp\/v2\/product_tag?post=22645"}],"curies":[{"name":"wp","href":"https:\/\/api.w.org\/{rel}","templated":true}]}}