{"id":22667,"date":"2023-11-30T05:36:24","date_gmt":"2023-11-30T05:36:24","guid":{"rendered":"https:\/\/camimedicalsac.com\/catalogo\/?post_type=product&#038;p=22667"},"modified":"2023-11-30T20:26:54","modified_gmt":"2023-11-30T20:26:54","slug":"incubadora-de-cultivo-32-lt-in-30-80oc","status":"publish","type":"product","link":"https:\/\/camimedicalsac.com\/catalogo\/producto\/incubadora-de-cultivo-32-lt-in-30-80oc\/","title":{"rendered":"Incubadora de Cultivo 32 Lt IN-30 80\u00baC"},"content":{"rendered":"<h3><strong>Incubadora de Cultivo 32 Lt IN-30 80\u00baC<\/strong><\/h3>\n<p>Equipo dise\u00f1ado para estudios microbiol\u00f3gicos de cultivos de tejidos y la incubaci\u00f3n de virus. De tipo Mesa, para uso en Laboratorios Cl\u00ednicos e Instituciones Educativas (Universidades, Institutos)<\/p>\n<p><strong><u>DATOS T\u00c9CNICOS<\/u><\/strong><\/p>\n<p><strong>Capacidad de la c\u00e1mara: 32 litros.<\/strong><\/p>\n<ul>\n<li>Rango de ajuste de Temperatura: +20\u00baC a +80\u00baC.<\/li>\n<li>Rango de temperatura de trabajo: 5\u00baC por encima de la Temperatura ambiente hasta 80\u00baC.<\/li>\n<li>Precisi\u00f3n de ajuste: 0,1\u00baC<\/li>\n<li>Reloj digital integrado: 1 min hasta 99 d\u00edas.<\/li>\n<li>Limitador mec\u00e1nico de temperatura (TB) para desconexi\u00f3n permanente en caso de sobrepasar 20\u00ba C de la temperatura preajustada desde f\u00e1brica.<\/li>\n<li>Dimensiones:<\/li>\n<\/ul>\n<p>Interior (L x An x Al): 250 mm x 400 mm x 320 mm.<\/p>\n<p>Exterior (L x An x Al): 434 mm x 585 mm x 707 mm.<\/p>\n<ul>\n<li>Suministro el\u00e9ctrico: 230 V, 50\/60Hz.<\/li>\n<\/ul>\n<p>&nbsp;<\/p>\n<p><a class=\"maxbutton-2 maxbutton maxbutton-video\" href=\"https:\/\/www.youtube.com\/watch?v=e6E_rhi3Qic&#038;t=161s&#038;ab_channel=CamiMedicalSAC\"><span class='mb-text'>VER VIDEO<\/span><\/a>\u00a0 \u00a0 \u00a0 \u00a0 \u00a0 \u00a0 \u00a0 \u00a0 \u00a0 \u00a0 \u00a0 \u00a0 \u00a0 <a class=\"maxbutton-1 maxbutton maxbutton-descargar-pdf\" title=\"Descargar PDF\" href=\"https:\/\/camimedicalsac.com\/catalogo\/wp-content\/uploads\/2023\/11\/Incubadora-de-cultivo-32-Lt-IN-30-80-oC-MEMMERT-CODIGO-CM.081.243-1-2.pdf\"><span class='mb-text'>DESCARGAR PDF<\/span><\/a><\/p>\n","protected":false},"excerpt":{"rendered":"<h2>Incubadora de Cultivo 32 Lt IN-30 80\u00baC<\/h2>\n<p>Incubadora de cultivo 32 Lt IN-30 80\u00c2\u00baC pantalla unica tactil color vent. natur<\/p>\n<p>Marca: MEMMERT<br \/>\nProcedencia: ALEMANIA<br \/>\nModelo: IN-30<br \/>\nGarant\u00eda: 18 meses<\/p>\n<p>C\u00f3digo: CM.81.243<\/p>\n","protected":false},"featured_media":22456,"comment_status":"closed","ping_status":"closed","template":"","meta":[],"product_cat":[177],"product_tag":[],"class_list":{"0":"post-22667","1":"product","2":"type-product","3":"status-publish","4":"has-post-thumbnail","6":"product_cat-central-de-esterilizacion-y-tratamiento-de-residuos","8":"first","9":"instock","10":"taxable","11":"shipping-taxable","12":"product-type-simple"},"_links":{"self":[{"href":"https:\/\/camimedicalsac.com\/catalogo\/wp-json\/wp\/v2\/product\/22667"}],"collection":[{"href":"https:\/\/camimedicalsac.com\/catalogo\/wp-json\/wp\/v2\/product"}],"about":[{"href":"https:\/\/camimedicalsac.com\/catalogo\/wp-json\/wp\/v2\/types\/product"}],"replies":[{"embeddable":true,"href":"https:\/\/camimedicalsac.com\/catalogo\/wp-json\/wp\/v2\/comments?post=22667"}],"wp:featuredmedia":[{"embeddable":true,"href":"https:\/\/camimedicalsac.com\/catalogo\/wp-json\/wp\/v2\/media\/22456"}],"wp:attachment":[{"href":"https:\/\/camimedicalsac.com\/catalogo\/wp-json\/wp\/v2\/media?parent=22667"}],"wp:term":[{"taxonomy":"product_cat","embeddable":true,"href":"https:\/\/camimedicalsac.com\/catalogo\/wp-json\/wp\/v2\/product_cat?post=22667"},{"taxonomy":"product_tag","embeddable":true,"href":"https:\/\/camimedicalsac.com\/catalogo\/wp-json\/wp\/v2\/product_tag?post=22667"}],"curies":[{"name":"wp","href":"https:\/\/api.w.org\/{rel}","templated":true}]}}