{"id":22826,"date":"2023-12-02T16:00:12","date_gmt":"2023-12-02T16:00:12","guid":{"rendered":"https:\/\/camimedicalsac.com\/catalogo\/?post_type=product&#038;p=22826"},"modified":"2023-12-02T16:03:31","modified_gmt":"2023-12-02T16:03:31","slug":"micropipeta-de-volumen-fijo-100-ul","status":"publish","type":"product","link":"https:\/\/camimedicalsac.com\/catalogo\/producto\/micropipeta-de-volumen-fijo-100-ul\/","title":{"rendered":"Micropipeta de volumen fijo 100 ul"},"content":{"rendered":"<h2>Micropipeta de volumen fijo 100 ul<\/h2>\n<p>Micropipetas de canales m\u00faltiples y simples de la Serie SA de BOECO son pipetas est\u00e1ndar totalmente autoclavables, que debido a su alta exactitud y precisi\u00f3n, robustez de calidad y su fant\u00e1stico dise\u00f1o ergon\u00f3mico las hacen una pipeta de excelente precio para todas las necesidades de laboratorio.<\/p>\n<ul>\n<li>Completamente autoclavable a 121 \u00b0C<\/li>\n<li>Dise\u00f1o Ergon\u00f3mico<\/li>\n<li>Expulsor de Punta, para una expulsi\u00f3n suave de la punta<\/li>\n<li>Bot\u00f3n codificado por color para una f\u00e1cil selecci\u00f3n N\u00b0 de Cat Volumen Inexactitud Imprecisi\u00f3n Tipo de Punta de la punta<\/li>\n<li>Manija fabricada de ETP ( Elast\u00f3mero Termopl\u00e1stico) que previene el traspaso del calor a los componentes internos asegurando la exactitud de la operaci\u00f3n de la pipeta aun en uso continuo<\/li>\n<li>Buena resistencia a la luz UV y a los qu\u00edmicos.<\/li>\n<\/ul>\n<a class=\"maxbutton-1 maxbutton maxbutton-descargar-pdf\" title=\"Descargar PDF\" href=\"https:\/\/camimedicalsac.com\/catalogo\/wp-content\/uploads\/2023\/12\/CAT_TRADUC_077.595.pdf\"><span class='mb-text'>DESCARGA PDF<\/span><\/a>\n<p>&nbsp;<\/p>\n","protected":false},"excerpt":{"rendered":"<h2>Micropipeta de volumen fijo 100 ul<\/h2>\n<p>Marca: BOECO<br \/>\nProcedencia: ALEMANIA<br \/>\nModelo: BOE 9620100<br \/>\nGarant\u00eda: 18 meses<\/p>\n<p>C\u00f3digo: CM.77.595<\/p>\n<p>&nbsp;<\/p>\n","protected":false},"featured_media":22829,"comment_status":"open","ping_status":"closed","template":"","meta":[],"product_cat":[173],"product_tag":[],"class_list":{"0":"post-22826","1":"product","2":"type-product","3":"status-publish","4":"has-post-thumbnail","6":"product_cat-laboratorio-clinico","8":"first","9":"instock","10":"taxable","11":"shipping-taxable","12":"product-type-simple"},"_links":{"self":[{"href":"https:\/\/camimedicalsac.com\/catalogo\/wp-json\/wp\/v2\/product\/22826"}],"collection":[{"href":"https:\/\/camimedicalsac.com\/catalogo\/wp-json\/wp\/v2\/product"}],"about":[{"href":"https:\/\/camimedicalsac.com\/catalogo\/wp-json\/wp\/v2\/types\/product"}],"replies":[{"embeddable":true,"href":"https:\/\/camimedicalsac.com\/catalogo\/wp-json\/wp\/v2\/comments?post=22826"}],"wp:featuredmedia":[{"embeddable":true,"href":"https:\/\/camimedicalsac.com\/catalogo\/wp-json\/wp\/v2\/media\/22829"}],"wp:attachment":[{"href":"https:\/\/camimedicalsac.com\/catalogo\/wp-json\/wp\/v2\/media?parent=22826"}],"wp:term":[{"taxonomy":"product_cat","embeddable":true,"href":"https:\/\/camimedicalsac.com\/catalogo\/wp-json\/wp\/v2\/product_cat?post=22826"},{"taxonomy":"product_tag","embeddable":true,"href":"https:\/\/camimedicalsac.com\/catalogo\/wp-json\/wp\/v2\/product_tag?post=22826"}],"curies":[{"name":"wp","href":"https:\/\/api.w.org\/{rel}","templated":true}]}}