{"id":23051,"date":"2023-12-08T00:26:35","date_gmt":"2023-12-08T00:26:35","guid":{"rendered":"https:\/\/camimedicalsac.com\/catalogo\/?post_type=product&#038;p=23051"},"modified":"2024-09-02T05:10:08","modified_gmt":"2024-09-02T05:10:08","slug":"agitador-orbital-programable-s-plataforma-psu-15i","status":"publish","type":"product","link":"https:\/\/camimedicalsac.com\/catalogo\/producto\/agitador-orbital-programable-s-plataforma-psu-15i\/","title":{"rendered":"Agitador orbital programable s\/plataforma PSU-15I"},"content":{"rendered":"<h2>Agitador orbital programable s\/plataforma PSU-15I<\/h2>\n<p>Equipo de laboratorio utilizado para la mezcla de soluciones, reacciones de aglutinaci\u00f3n (serolog\u00eda). Para su uso en Laboratorios (biotecnolog\u00eda, microbiolog\u00eda, diagn\u00f3stico m\u00e9dico).<\/p>\n<h4><u>DATOS<\/u><u> T\u00c9CNICOS<\/u><\/h4>\n<ul>\n<li><strong>\u00a0<\/strong>Tipos de movimientos:<\/li>\n<\/ul>\n<p>o\u00a0\u00a0\u00a0\u00a0 <strong>Orbital<\/strong> &#8211; Movimiento simple circular con velocidad ajustable de 30 a 250 rpm<\/p>\n<p>o\u00a0\u00a0\u00a0\u00a0 <strong>Rec\u00edproco<\/strong> &#8211; Rotaci\u00f3n vertical con cambio de direcci\u00f3n de rotaci\u00f3n, con Angulo de giro ajustable de 15\u00ba a 360\u00ba, incremento de 30\u00ba y velocidad ajustable de 20 a 250 rpm.<\/p>\n<p>o\u00a0\u00a0\u00a0\u00a0 <strong>Vortex (Vibraci\u00f3n)<\/strong> &#8211; Intensa mezcla de muestras a alta velocidad con peque\u00f1a amplitud y \u00e1ngulo ajustable de 0\u00ba a 5\u00ba (incremento de 1\u00ba)<\/p>\n<ul>\n<li>Tama\u00f1o de orbita: 20mm<\/li>\n<\/ul>\n<ul>\n<li>Regulaci\u00f3n de velocidad: 20 a 250 rpm<\/li>\n<li>Pantalla: digital (LCD)<\/li>\n<li>Temporizador: de 1 min. a 96 horas \/ continuo<\/li>\n<li>Carga M\u00e1x. 8 Kg.<\/li>\n<li>Tiempo de operaci\u00f3n continua: m\u00e1ximo 168 hrs.<\/li>\n<li>Funcionamiento con adaptador de voltaje externo: 100-220 VAC\/ 12 DC, 4.1 A<\/li>\n<li>Dimensiones (sin accesorios): 410 x 410 x 130mm<\/li>\n<li>Peso aprox.: 14 Kg<\/li>\n<\/ul>\n<a class=\"maxbutton-1 maxbutton maxbutton-descargar-pdf\" title=\"Descargar PDF\" href=\"https:\/\/camimedicalsac.com\/catalogo\/wp-content\/uploads\/2023\/12\/gitador-orbital-programable-s-plataforma-PSU-15I-BOECO-CODIGO-CM.76.637.pdf\"><span class='mb-text'>DESCARGAR PDF<\/span><\/a>\n<p>&nbsp;<\/p>\n","protected":false},"excerpt":{"rendered":"<h2>Agitador orbital programable s\/plataforma PSU-15I<\/h2>\n<p>Marca:\u00a0<strong>BOECO<\/strong><br \/>\nProcedencia: <b>ALEMANIA<\/b><br \/>\nModelo: <strong>PUS 15i<\/strong><br \/>\nGarant\u00eda: 18 meses<\/p>\n<p>C\u00f3digo: CM.76.637<\/p>\n<p>&nbsp;<\/p>\n","protected":false},"featured_media":23052,"comment_status":"open","ping_status":"closed","template":"","meta":[],"product_cat":[173],"product_tag":[],"class_list":{"0":"post-23051","1":"product","2":"type-product","3":"status-publish","4":"has-post-thumbnail","6":"product_cat-laboratorio-clinico","8":"first","9":"instock","10":"taxable","11":"shipping-taxable","12":"product-type-simple"},"_links":{"self":[{"href":"https:\/\/camimedicalsac.com\/catalogo\/wp-json\/wp\/v2\/product\/23051"}],"collection":[{"href":"https:\/\/camimedicalsac.com\/catalogo\/wp-json\/wp\/v2\/product"}],"about":[{"href":"https:\/\/camimedicalsac.com\/catalogo\/wp-json\/wp\/v2\/types\/product"}],"replies":[{"embeddable":true,"href":"https:\/\/camimedicalsac.com\/catalogo\/wp-json\/wp\/v2\/comments?post=23051"}],"wp:featuredmedia":[{"embeddable":true,"href":"https:\/\/camimedicalsac.com\/catalogo\/wp-json\/wp\/v2\/media\/23052"}],"wp:attachment":[{"href":"https:\/\/camimedicalsac.com\/catalogo\/wp-json\/wp\/v2\/media?parent=23051"}],"wp:term":[{"taxonomy":"product_cat","embeddable":true,"href":"https:\/\/camimedicalsac.com\/catalogo\/wp-json\/wp\/v2\/product_cat?post=23051"},{"taxonomy":"product_tag","embeddable":true,"href":"https:\/\/camimedicalsac.com\/catalogo\/wp-json\/wp\/v2\/product_tag?post=23051"}],"curies":[{"name":"wp","href":"https:\/\/api.w.org\/{rel}","templated":true}]}}