{"id":23352,"date":"2023-12-16T20:05:27","date_gmt":"2023-12-16T20:05:27","guid":{"rendered":"https:\/\/camimedicalsac.com\/catalogo\/?post_type=product&#038;p=23352"},"modified":"2024-09-15T01:04:43","modified_gmt":"2024-09-15T01:04:43","slug":"cama-multriproposito-con-balanza-de-externa-precision-ic10","status":"publish","type":"product","link":"https:\/\/camimedicalsac.com\/catalogo\/producto\/cama-multriproposito-con-balanza-de-externa-precision-ic10\/","title":{"rendered":"CAMA MULTRIPROP\u00d3SITO CON BALANZA DE EXTERNA PRECISI\u00d3N IC10"},"content":{"rendered":"<h2>CAMA MULTRIPROP\u00d3SITO CON BALANZA DE EXTERNA PRECISI\u00d3N\u00a0 Peso &#8211; IC10 con balanza<\/h2>\n<p>especialmente dise\u00f1ada para cubrir los requerimientos de una UCI (Unidad de Cuidados Intensivos), contemplando todos los movimientos , funciones y accesorios para el tratamiento de los pacientes m\u00e1s vulnerables.<\/p>\n<ul>\n<li>La cama , esta equipada para cumplir las m\u00e1s altas exigencias de una UCI, nuestra cama multiprop\u00f3sito incorpora un sistema el\u00e9ctrico de balanza para poder medir el peso del paciente con una precisi\u00f3n de +\/- 100 gramos.<\/li>\n<li>Esta caracter\u00edstica permite administrar medicamentos a los pacientes sin necesidad de desplazarlos de la propia cama, ganando tambi\u00e9n minutos vitales en momentos cr\u00edticos.<\/li>\n<li>Plataforma, compuesta por 5 secciones, fabricada con tableros de HPL (laminado de alta precisi\u00f3n) de propiedades radio transparentes y antibacteriales.<br \/>\nCon posibilidad de extenderse hasta 18 cm<\/li>\n<li>Controles de membrana integrados a las barandas laterales de la cabecera, tanto para el uso del paciente como del usuario a cargo.<\/li>\n<li>Cabecera y piecera ergon\u00f3micas de ABS desmontables.<\/li>\n<li>Embrague para activar posici\u00f3n RCP (Reanimaci\u00f3n Cardio Pulmonar)<\/li>\n<li>Cuenta con 4 ruedas de grado hospitalario omnidireccionales . Con frenos de comando central ubicados en la parte inferior de la cabecera y piecera de la cama<\/li>\n<li>Bater\u00edas recargables y luz nocturna en la parte inferior<\/li>\n<\/ul>\n<a class=\"maxbutton-1 maxbutton maxbutton-descargar-pdf\" title=\"Descargar PDF\" href=\"https:\/\/camimedicalsac.com\/catalogo\/wp-content\/uploads\/2023\/12\/CAMA-MULTRIPROPOSITO-CON-BALANZA-DE-EXTERNA-PRECISION-NACIONAL-CODIGO-CM..pdf\"><span class='mb-text'>DESCARGAR PDF<\/span><\/a>\n<p>&nbsp;<\/p>\n","protected":false},"excerpt":{"rendered":"<h2>CAMA MULTRIPROP\u00d3SITO CON BALANZA DE EXTERNA PRECISI\u00d3N\u00a0 Peso &#8211; IC10 con balanza<\/h2>\n<p>Marca: NACIONAL<br \/>\nProcedencia: PER\u00da<br \/>\nModelo: IC-10<br \/>\nGarant\u00eda: 18 meses<\/p>\n<p>C\u00f3digo:<\/p>\n","protected":false},"featured_media":23353,"comment_status":"open","ping_status":"closed","template":"","meta":[],"product_cat":[187],"product_tag":[],"class_list":{"0":"post-23352","1":"product","2":"type-product","3":"status-publish","4":"has-post-thumbnail","6":"product_cat-inmobiliarios-hospitalario","8":"first","9":"instock","10":"taxable","11":"shipping-taxable","12":"product-type-simple"},"_links":{"self":[{"href":"https:\/\/camimedicalsac.com\/catalogo\/wp-json\/wp\/v2\/product\/23352"}],"collection":[{"href":"https:\/\/camimedicalsac.com\/catalogo\/wp-json\/wp\/v2\/product"}],"about":[{"href":"https:\/\/camimedicalsac.com\/catalogo\/wp-json\/wp\/v2\/types\/product"}],"replies":[{"embeddable":true,"href":"https:\/\/camimedicalsac.com\/catalogo\/wp-json\/wp\/v2\/comments?post=23352"}],"wp:featuredmedia":[{"embeddable":true,"href":"https:\/\/camimedicalsac.com\/catalogo\/wp-json\/wp\/v2\/media\/23353"}],"wp:attachment":[{"href":"https:\/\/camimedicalsac.com\/catalogo\/wp-json\/wp\/v2\/media?parent=23352"}],"wp:term":[{"taxonomy":"product_cat","embeddable":true,"href":"https:\/\/camimedicalsac.com\/catalogo\/wp-json\/wp\/v2\/product_cat?post=23352"},{"taxonomy":"product_tag","embeddable":true,"href":"https:\/\/camimedicalsac.com\/catalogo\/wp-json\/wp\/v2\/product_tag?post=23352"}],"curies":[{"name":"wp","href":"https:\/\/api.w.org\/{rel}","templated":true}]}}